{"id":238,"date":"2024-10-11T21:32:28","date_gmt":"2024-10-11T21:32:28","guid":{"rendered":"https:\/\/www.lucas-hvacr.pe\/?page_id=238"},"modified":"2024-10-14T13:49:14","modified_gmt":"2024-10-14T13:49:14","slug":"sistemas-contra-incendios","status":"publish","type":"page","link":"https:\/\/www.lucas-hvacr.pe\/?page_id=238","title":{"rendered":"Instalaciones de sistemas CACI"},"content":{"rendered":"\n<p>Aqu\u00ed te explico c\u00f3mo ser\u00eda el proceso de instalaci\u00f3n de nuestros sistemas contra incendios en tu empresa:<\/p>\n\n\n\n<figure class=\"wp-block-table aligncenter is-style-stripes\"><table class=\"has-fixed-layout\"><tbody><tr><td class=\"has-text-align-center\" data-align=\"center\"><strong><kbd>Evaluaci\u00f3n de Riesgos<\/kbd><\/strong><br>Primero, realizar\u00edamos una evaluaci\u00f3n exhaustiva de riesgos en tu empresa para identificar las \u00e1reas con mayor probabilidad de sufrir un incendio. Esto incluye revisar la disposici\u00f3n del edificio, los materiales almacenados y las actividades que se realizan.<\/td><td class=\"has-text-align-center\" data-align=\"center\"><img fetchpriority=\"high\" decoding=\"async\" width=\"360\" height=\"208\" class=\"wp-image-250\" style=\"width: 360px;\" src=\"http:\/\/www.lucas-hvacr.pe\/wp-content\/uploads\/2024\/10\/i_1.png\" alt=\"\" srcset=\"https:\/\/www.lucas-hvacr.pe\/wp-content\/uploads\/2024\/10\/i_1.png 564w, https:\/\/www.lucas-hvacr.pe\/wp-content\/uploads\/2024\/10\/i_1-300x173.png 300w\" sizes=\"(max-width: 360px) 100vw, 360px\" \/><\/td><\/tr><tr><td class=\"has-text-align-center\" data-align=\"center\"><img decoding=\"async\" width=\"360\" height=\"208\" class=\"wp-image-251\" style=\"width: 360px;\" src=\"http:\/\/www.lucas-hvacr.pe\/wp-content\/uploads\/2024\/10\/i_2.png\" alt=\"\" srcset=\"https:\/\/www.lucas-hvacr.pe\/wp-content\/uploads\/2024\/10\/i_2.png 561w, https:\/\/www.lucas-hvacr.pe\/wp-content\/uploads\/2024\/10\/i_2-300x173.png 300w\" sizes=\"(max-width: 360px) 100vw, 360px\" \/><\/td><td class=\"has-text-align-center\" data-align=\"center\"><strong><kbd>Dise\u00f1o del Sistema<\/kbd><\/strong><br>Con base en la evaluaci\u00f3n, dise\u00f1ar\u00edamos un sistema personalizado que podr\u00eda incluir:<br><strong><em>Detectores de Humo y Calor<\/em><\/strong>: Para identificar r\u00e1pidamente la presencia de fuego o altas temperaturas.<br><em><strong>Alarmas de Incendio<\/strong><\/em>: Para alertar a todos en el edificio y facilitar una evacuaci\u00f3n r\u00e1pida.<br><strong><em>Rociadores Autom\u00e1ticos<\/em><\/strong>: Que se activan al detectar calor elevado, ayudando a controlar el fuego.<br><em><strong>Extintores Port\u00e1tiles<\/strong><\/em>: Ubicados estrat\u00e9gicamente para permitir una respuesta r\u00e1pida a incendios peque\u00f1os.<\/td><\/tr><tr><td class=\"has-text-align-center\" data-align=\"center\"><strong><kbd>Instalaci\u00f3n de Equipos<\/kbd><\/strong><br>Nuestro equipo de t\u00e9cnicos especializados instalar\u00eda todos los componentes del sistema, asegur\u00e1ndose de que cada uno funcione correctamente y est\u00e9 en conformidad con las normativas locales.<\/td><td class=\"has-text-align-center\" data-align=\"center\"><img decoding=\"async\" width=\"360\" height=\"226\" class=\"wp-image-252\" style=\"width: 360px;\" src=\"http:\/\/www.lucas-hvacr.pe\/wp-content\/uploads\/2024\/10\/i_3.png\" alt=\"\" srcset=\"https:\/\/www.lucas-hvacr.pe\/wp-content\/uploads\/2024\/10\/i_3.png 565w, https:\/\/www.lucas-hvacr.pe\/wp-content\/uploads\/2024\/10\/i_3-300x188.png 300w\" sizes=\"(max-width: 360px) 100vw, 360px\" \/><\/td><\/tr><tr><td class=\"has-text-align-center\" data-align=\"center\"><img fetchpriority=\"high\" decoding=\"async\" width=\"360\" height=\"208\" class=\"wp-image-250\" style=\"width: 360px;\" src=\"http:\/\/www.lucas-hvacr.pe\/wp-content\/uploads\/2024\/10\/i_1.png\" alt=\"\" srcset=\"https:\/\/www.lucas-hvacr.pe\/wp-content\/uploads\/2024\/10\/i_1.png 564w, https:\/\/www.lucas-hvacr.pe\/wp-content\/uploads\/2024\/10\/i_1-300x173.png 300w\" sizes=\"(max-width: 360px) 100vw, 360px\" \/><\/td><td class=\"has-text-align-center\" data-align=\"center\"><strong><kbd>Pruebas y Mantenimiento<\/kbd><\/strong><br>Una vez instalado, realizar\u00edamos pruebas exhaustivas para asegurarnos de que todo el sistema funcione perfectamente. Adem\u00e1s, ofrecer\u00edamos un plan de mantenimiento regular para garantizar que los equipos est\u00e9n siempre en \u00f3ptimas condiciones.<\/td><\/tr><tr><td class=\"has-text-align-center\" data-align=\"center\"><kbd><strong>Capacitaci\u00f3n<\/strong><\/kbd><br>Finalmente, proporcionar\u00edamos capacitaci\u00f3n a tu personal sobre el uso de los equipos y las acciones a seguir en caso de incendio. Esto incluye simulacros de evacuaci\u00f3n y el uso correcto de extintores y alarmas.<\/td><td class=\"has-text-align-center\" data-align=\"center\"><img loading=\"lazy\" decoding=\"async\" width=\"360\" height=\"284\" class=\"wp-image-255\" style=\"width: 360px;\" src=\"http:\/\/www.lucas-hvacr.pe\/wp-content\/uploads\/2024\/10\/i_6.png\" alt=\"\" srcset=\"https:\/\/www.lucas-hvacr.pe\/wp-content\/uploads\/2024\/10\/i_6.png 431w, https:\/\/www.lucas-hvacr.pe\/wp-content\/uploads\/2024\/10\/i_6-300x237.png 300w\" sizes=\"(max-width: 360px) 100vw, 360px\" \/><\/td><\/tr><tr><td class=\"has-text-align-center\" data-align=\"center\"><img loading=\"lazy\" decoding=\"async\" width=\"360\" height=\"239\" class=\"wp-image-256\" style=\"width: 360px;\" src=\"http:\/\/www.lucas-hvacr.pe\/wp-content\/uploads\/2024\/10\/i_7.png\" alt=\"\" srcset=\"https:\/\/www.lucas-hvacr.pe\/wp-content\/uploads\/2024\/10\/i_7.png 626w, https:\/\/www.lucas-hvacr.pe\/wp-content\/uploads\/2024\/10\/i_7-300x199.png 300w\" sizes=\"(max-width: 360px) 100vw, 360px\" \/><\/td><td class=\"has-text-align-center\" data-align=\"center\"><strong><kbd>Beneficios<\/kbd><\/strong><br>Protecci\u00f3n Integral: Asegura la seguridad de tus empleados y bienes materiales.<br>Cumplimiento Normativo: Garantiza que tu empresa cumpla con todas las regulaciones de seguridad contra incendios.<\/td><\/tr><tr><td class=\"has-text-align-center\" data-align=\"center\">\u00bfTe gustar\u00eda m\u00e1s informaci\u00f3n sobre alg\u00fan aspecto espec\u00edfico del proceso?<\/td><td class=\"has-text-align-center\" data-align=\"center\"><img loading=\"lazy\" decoding=\"async\" width=\"150\" height=\"197\" class=\"wp-image-245\" style=\"width: 150px;\" src=\"http:\/\/www.lucas-hvacr.pe\/wp-content\/uploads\/2024\/10\/guante.png\" alt=\"\"><\/td><\/tr><\/tbody><\/table><\/figure>\n\n\n\n<div class=\"wp-block-buttons is-content-justification-center is-layout-flex wp-container-core-buttons-is-layout-16018d1d wp-block-buttons-is-layout-flex\">\n<div class=\"wp-block-button is-style-outline is-style-outline--1\"><a class=\"wp-block-button__link has-text-align-center wp-element-button\" href=\"https:\/\/www.lucas-hvacr.pe\/?page_id=159\"><strong><mark style=\"background-color:rgba(0, 0, 0, 0)\" class=\"has-inline-color has-luminous-vivid-amber-color\">CONTACTANOS<\/mark><\/strong><\/a><\/div>\n<\/div>\n\n\n\n<p><\/p>\n","protected":false},"excerpt":{"rendered":"<p>Aqu\u00ed te explico c\u00f3mo ser\u00eda el proceso de instalaci\u00f3n de nuestros sistemas contra incendios en tu empresa: Evaluaci\u00f3n de RiesgosPrimero, realizar\u00edamos una evaluaci\u00f3n exhaustiva de riesgos en tu empresa para identificar las \u00e1reas con mayor probabilidad de sufrir un incendio. Esto incluye revisar la disposici\u00f3n del edificio, los materiales almacenados y las actividades que se [&hellip;]<\/p>\n","protected":false},"author":1,"featured_media":0,"parent":0,"menu_order":0,"comment_status":"closed","ping_status":"closed","template":"","meta":{"footnotes":""},"class_list":["post-238","page","type-page","status-publish","hentry"],"_links":{"self":[{"href":"https:\/\/www.lucas-hvacr.pe\/index.php?rest_route=\/wp\/v2\/pages\/238","targetHints":{"allow":["GET"]}}],"collection":[{"href":"https:\/\/www.lucas-hvacr.pe\/index.php?rest_route=\/wp\/v2\/pages"}],"about":[{"href":"https:\/\/www.lucas-hvacr.pe\/index.php?rest_route=\/wp\/v2\/types\/page"}],"author":[{"embeddable":true,"href":"https:\/\/www.lucas-hvacr.pe\/index.php?rest_route=\/wp\/v2\/users\/1"}],"replies":[{"embeddable":true,"href":"https:\/\/www.lucas-hvacr.pe\/index.php?rest_route=%2Fwp%2Fv2%2Fcomments&post=238"}],"version-history":[{"count":11,"href":"https:\/\/www.lucas-hvacr.pe\/index.php?rest_route=\/wp\/v2\/pages\/238\/revisions"}],"predecessor-version":[{"id":295,"href":"https:\/\/www.lucas-hvacr.pe\/index.php?rest_route=\/wp\/v2\/pages\/238\/revisions\/295"}],"wp:attachment":[{"href":"https:\/\/www.lucas-hvacr.pe\/index.php?rest_route=%2Fwp%2Fv2%2Fmedia&parent=238"}],"curies":[{"name":"wp","href":"https:\/\/api.w.org\/{rel}","templated":true}]}}